{"id":18,"date":"2022-07-09T11:18:01","date_gmt":"2022-07-09T11:18:01","guid":{"rendered":"https:\/\/idmedia.ro\/about\/"},"modified":"2025-05-23T11:34:09","modified_gmt":"2025-05-23T11:34:09","slug":"despre-noi","status":"publish","type":"page","link":"https:\/\/idmedia.ro\/en\/despre-noi\/","title":{"rendered":"About Us"},"content":{"rendered":"<h2>despre noi <\/h2>\n\n\n\n\n\n\n\n\n\n\n\n\n\n\n<h2>OANA IFTIME<\/h2>\n\n<p style=\"font-size: x-large; color: rgb(93, 93, 93); text-align: center;\">ENTREPRENEUR. MARKETING PROFESSIONAL. TRAINER<\/p>\n\n\n<p style=\"text-align: left;line-height: 2\"><span style=\"color: rgb(93, 93, 93); \" font-size:medium=\"font-size:medium\"><span style=\"font-size:medium;\">I am a marketing specialist with 20 years of complex experience in competitive industries such as agribusiness, pharma, construction equipment, home appliances, B2B and B2C businesses, and NGOs.<\/span>&nbsp;<\/span><\/p>\n<p style=\"text-align: left;line-height: 2\"><span style=\"color: rgb(93, 93, 93); \" font-size:medium;\"=\"\"><span style=\"font-size:medium;\"><br>I analyze, I make connections, I propose, I write, I write some more, I argue, I set things in motion, I implement, I make changes, I improve things, I find solutions, I am passionate about what I do.<\/span>&nbsp;<\/span><\/p>\n<p style=\"text-align: left;line-height: 2\"><span style=\"color: rgb(93, 93, 93); font-size: medium;\"><br>I built marketing departments, developed and implemented strategies, I made marketing audits, marketing plans and budgets, built and trained teams; I made branding or rebranding, launched loyalty programs, implemented projects or policies which positively impacted the turnover of the companies.&nbsp;<\/span><\/p>\n<p style=\"text-align: left;line-height: 2\"><span style=\"color: rgb(93, 93, 93); font-size: medium;\"><br>I have over 19 years of experience in human resources, organizational transformation processes, training and education programs, performance management, management by objectives, internal communication, recruitment and selection. I coordinated and developed training programs for young farmers and for employees of the companies I worked for.&nbsp;<\/span><\/p>\n\n\n\n\n<h2 style=\"color: rgb(93, 93, 93);\">Managing Partner<br>ID Media Communication<\/h2>\n\n\n\n\n<p style=\"text-align: left;line-height: 2\"><span style=\"color: rgb(93, 93, 93);\"><span style=\"font-size:medium;\"><br>I coordinated or I was involved in company-wide projects, other than marketing: human resources, training programs, IT, purchasing, sales, supply chain, showrooms and pharmacies' redesign. Through my work, I contributed to the increase of the awareness, turnover and profitability of the companies I worked for.<\/span>&nbsp;<\/span><\/p>\n<p style=\"text-align: left;line-height: 2\"><span style=\"color: rgb(93, 93, 93); font-size: medium;\"><br>Throughout my career, I followed various programs in entrepreneurship, management and leadership, marketing and neurolinguistic programming, delivered by well-known Romanian training companies: Exec-Edu, Ascendis, Human Invest, MMM Consulting, Seeds4Success, Business Intelligence Alliance.&nbsp;<\/span><\/p>\n<p style=\"text-align: left;line-height: 2\"><span style=\"color: rgb(93, 93, 93);\"><\/span><span style=\"color: rgb(93, 93, 93); font-size: medium;\"><br>I am certified in business administration, human resources management and as a trainer.\n<\/span><\/p>\n\n\n\n\n\n\n\n\n\n\n\n\n\n<h2 style=\"color: rgb(93, 93, 93);\">OUR TEAM IS YOUR TEAM<\/h2>\n<p style=\"text-align: left;line-height: 2\"><span style=\"color: rgb(93, 93, 93); font-size: medium;\"><br>ID Media Communication team is made up of seniors, professionals with solid experience in communication, marketing and journalism, graphic designers and web designers, all of whom are passionate about their field of activity, curious to discover new experiences and excited to work for each particular business.<br>And especially for yours!<\/p>\n<p style=\"text-align: left;line-height: 2\"><span style=\"color: rgb(93, 93, 93); font-size: medium;\">\n\n<br>We are creative, competitive, attentive to details, fair and proactive, we complement each other, we support each other, we build together with you and for you and we take responsibility for every step we take in the relationship with our partners.<\/p>\n<p style=\"text-align: left;line-height: 2\"><span style=\"color: rgb(93, 93, 93); font-size: medium;\"><br>Let's meet!<br>&nbsp;<\/p>\n\n\n\n\n\n\n\n\n\n\n\n\n<h2>Despre DORU<\/h2>\n\n\n\n<p style=\"text-align: center; color: rgb(93, 93, 93); font-size: large;\">Jurnalist. Comunicator. Creator de pove\u0219ti<br><\/p>\n\n\n\n<p style=\"text-align: left;line-height: 2\">Am debutat \u00een pres\u0103 \u00een 1995, ca redactor la ziarul Ceahl\u0103u din Piatra Neam\u021b. Am fost redactor \u0219ef-adjunct la Elle Romania \u0219i redactor \u0219ef  la The One, Luxury \u0219i Collector\u2019s, am scris pentru Men\u2019s Health \u0219i Suplimentul de Duminic\u0103 al Ziarului Financiar. Sunt redactor \u0219ef la Forbes Life din 2018. De mai mul\u021bi ani, m-am aventurat \u00een antreprenoriatul de pres\u0103, iar unul dintre cele mai vizibile proiecte de care m-am ocupat a fost schimbarea la fa\u021b\u0103 a revistei Plafar.<br><\/p>\n<span style=\"line-height:2.0\"><p style=\"text-align:left;color:#5d5d5d\">De-a lungul timpului, am avut ocazia s\u0103-i intervievez pe Dennis Hopper, Kerry Kennedy, Luciano Benetton, Lance Henriksen, Cecilia Bartoli, David Beckham, Kerry Kennedy, dar \u0219i pe unele dintre cele mai importante personalit\u0103\u021bi rom\u00e2ne\u0219ti: scriitorii Mircea C\u0103rt\u0103rescu, Gabriel Liiceanu, Norman Manea, Gabriela Melinescu, regizorii Nae Caranfil, Cristi Puiu, Cristian Mungiu, actorii Marcel Iure\u0219, Maia Morgenstern, Medeea Marinescu, c\u0103rora li se adaug\u0103 o list\u0103 lung\u0103 de vedete TV, oameni de afaceri, politicieni \u0219i sportivi.<br><\/p><\/span>\n<span style=\"line-height:2.0\"><p style=\"text-align:left;color:#5d5d5d\">Sunt pasionat de ma\u0219ini, filme bune, muzic\u0103 \u0219i mai bun\u0103. Consider c\u0103 via\u021ba mea nu este un roman, este o existen\u021b\u0103 obi\u0219nuit\u0103, cu bucuriile \u0219i necazurile cu care se confrunt\u0103 to\u021bi cei care sunt p\u0103rin\u021bi, motiv pentru care cititorii mei probabil se reg\u0103sesc \u00een pove\u0219tile pe care le-am publicat de-a lungul timpului.<br><\/p><\/span>\n\n\n\n\n\n<h2>DORU iftime<\/h2>","protected":false},"excerpt":{"rendered":"","protected":false},"author":0,"featured_media":0,"parent":0,"menu_order":0,"comment_status":"closed","ping_status":"closed","template":"","meta":{"pagelayer_contact_templates":[],"_pagelayer_content":"","footnotes":""},"class_list":["post-18","page","type-page","status-publish","hentry"],"_links":{"self":[{"href":"https:\/\/idmedia.ro\/en\/wp-json\/wp\/v2\/pages\/18","targetHints":{"allow":["GET"]}}],"collection":[{"href":"https:\/\/idmedia.ro\/en\/wp-json\/wp\/v2\/pages"}],"about":[{"href":"https:\/\/idmedia.ro\/en\/wp-json\/wp\/v2\/types\/page"}],"replies":[{"embeddable":true,"href":"https:\/\/idmedia.ro\/en\/wp-json\/wp\/v2\/comments?post=18"}],"version-history":[{"count":83,"href":"https:\/\/idmedia.ro\/en\/wp-json\/wp\/v2\/pages\/18\/revisions"}],"predecessor-version":[{"id":557,"href":"https:\/\/idmedia.ro\/en\/wp-json\/wp\/v2\/pages\/18\/revisions\/557"}],"wp:attachment":[{"href":"https:\/\/idmedia.ro\/en\/wp-json\/wp\/v2\/media?parent=18"}],"curies":[{"name":"wp","href":"https:\/\/api.w.org\/{rel}","templated":true}]}}

<h2>despre noi </h2>














<h2>OANA IFTIME</h2>

<p style="font-size: x-large; color: rgb(93, 93, 93); text-align: center;">ENTREPRENEUR. MARKETING PROFESSIONAL. TRAINER</p>


<p style="text-align: left;line-height: 2"><span style="color: rgb(93, 93, 93); " font-size:medium="font-size:medium"><span style="font-size:medium;">I am a marketing specialist with 20 years of complex experience in competitive industries such as agribusiness, pharma, construction equipment, home appliances, B2B and B2C businesses, and NGOs.</span>&nbsp;</span></p>
<p style="text-align: left;line-height: 2"><span style="color: rgb(93, 93, 93); " font-size:medium;"=""><span style="font-size:medium;"><br>I analyze, I make connections, I propose, I write, I write some more, I argue, I set things in motion, I implement, I make changes, I improve things, I find solutions, I am passionate about what I do.</span>&nbsp;</span></p>
<p style="text-align: left;line-height: 2"><span style="color: rgb(93, 93, 93); font-size: medium;"><br>I built marketing departments, developed and implemented strategies, I made marketing audits, marketing plans and budgets, built and trained teams; I made branding or rebranding, launched loyalty programs, implemented projects or policies which positively impacted the turnover of the companies.&nbsp;</span></p>
<p style="text-align: left;line-height: 2"><span style="color: rgb(93, 93, 93); font-size: medium;"><br>I have over 19 years of experience in human resources, organizational transformation processes, training and education programs, performance management, management by objectives, internal communication, recruitment and selection. I coordinated and developed training programs for young farmers and for employees of the companies I worked for.&nbsp;</span></p>




<h2 style="color: rgb(93, 93, 93);">Managing Partner<br>ID Media Communication</h2>




<p style="text-align: left;line-height: 2"><span style="color: rgb(93, 93, 93);"><span style="font-size:medium;"><br>I coordinated or I was involved in company-wide projects, other than marketing: human resources, training programs, IT, purchasing, sales, supply chain, showrooms and pharmacies' redesign. Through my work, I contributed to the increase of the awareness, turnover and profitability of the companies I worked for.</span>&nbsp;</span></p>
<p style="text-align: left;line-height: 2"><span style="color: rgb(93, 93, 93); font-size: medium;"><br>Throughout my career, I followed various programs in entrepreneurship, management and leadership, marketing and neurolinguistic programming, delivered by well-known Romanian training companies: Exec-Edu, Ascendis, Human Invest, MMM Consulting, Seeds4Success, Business Intelligence Alliance.&nbsp;</span></p>
<p style="text-align: left;line-height: 2"><span style="color: rgb(93, 93, 93);"></span><span style="color: rgb(93, 93, 93); font-size: medium;"><br>I am certified in business administration, human resources management and as a trainer.
</span></p>













<h2 style="color: rgb(93, 93, 93);">OUR TEAM IS YOUR TEAM</h2>
<p style="text-align: left;line-height: 2"><span style="color: rgb(93, 93, 93); font-size: medium;"><br>ID Media Communication team is made up of seniors, professionals with solid experience in communication, marketing and journalism, graphic designers and web designers, all of whom are passionate about their field of activity, curious to discover new experiences and excited to work for each particular business.<br>And especially for yours!</p>
<p style="text-align: left;line-height: 2"><span style="color: rgb(93, 93, 93); font-size: medium;">

<br>We are creative, competitive, attentive to details, fair and proactive, we complement each other, we support each other, we build together with you and for you and we take responsibility for every step we take in the relationship with our partners.</p>
<p style="text-align: left;line-height: 2"><span style="color: rgb(93, 93, 93); font-size: medium;"><br>Let's meet!<br>&nbsp;</p>












<h2>Despre DORU</h2>



<p style="text-align: center; color: rgb(93, 93, 93); font-size: large;">Jurnalist. Comunicator. Creator de povești<br></p>



<p style="text-align: left;line-height: 2">Am debutat în presă în 1995, ca redactor la ziarul Ceahlău din Piatra Neamț. Am fost redactor șef-adjunct la Elle Romania și redactor șef  la The One, Luxury și Collector’s, am scris pentru Men’s Health și Suplimentul de Duminică al Ziarului Financiar. Sunt redactor șef la Forbes Life din 2018. De mai mulți ani, m-am aventurat în antreprenoriatul de presă, iar unul dintre cele mai vizibile proiecte de care m-am ocupat a fost schimbarea la față a revistei Plafar.<br></p>
<span style="line-height:2.0"><p style="text-align:left;color:#5d5d5d">De-a lungul timpului, am avut ocazia să-i intervievez pe Dennis Hopper, Kerry Kennedy, Luciano Benetton, Lance Henriksen, Cecilia Bartoli, David Beckham, Kerry Kennedy, dar și pe unele dintre cele mai importante personalități românești: scriitorii Mircea Cărtărescu, Gabriel Liiceanu, Norman Manea, Gabriela Melinescu, regizorii Nae Caranfil, Cristi Puiu, Cristian Mungiu, actorii Marcel Iureș, Maia Morgenstern, Medeea Marinescu, cărora li se adaugă o listă lungă de vedete TV, oameni de afaceri, politicieni și sportivi.<br></p></span>
<span style="line-height:2.0"><p style="text-align:left;color:#5d5d5d">Sunt pasionat de mașini, filme bune, muzică și mai bună. Consider că viața mea nu este un roman, este o existență obișnuită, cu bucuriile și necazurile cu care se confruntă toți cei care sunt părinți, motiv pentru care cititorii mei probabil se regăsesc în poveștile pe care le-am publicat de-a lungul timpului.<br></p></span>





<h2>DORU iftime</h2>
